 14) to base 5.
-10434
Convert 28b (base 16) to base 13.
3b1
What is -28052 (base 13) in base 7?
-430655
What is -16ba (base 14) in base 8?
-7764
Convert 43636 (base 8) to base 14.
6978
What is 33 (base 16) in base 2?
110011
Convert 2001222200 (base 3) to base 16.
9f6f
Convert 1001000001110 (base 2) to base 11.
3522
What is 5cac (base 13) in base 2?
11001101100011
Convert 11276 (base 8) to base 4.
1022332
Convert -244 (base 10) to base 9.
-301
What is -571 (base 9) in base 12?
-331
8ed (base 16) to base 10
2285
Convert -1396 (base 11) to base 2.
-11100000111
30317 (base 8) to base 3
122010210
What is -5242 (base 8) in base 6?
-20334
-10412301 (base 5) to base 4
-112112320
What is 3326 (base 7) in base 8?
2254
What is 460 (base 12) in base 10?
648
Convert 14312 (base 12) to base 14.
a34a
What is 880 (base 14) in base 4?
122100
Convert -10001101 (base 2) to base 15.
-96
What is 17461 (base 8) in base 13?
3833
What is 1120000012 (base 3) in base 14?
b235
Convert -21232 (base 5) to base 8.
-2642
What is -31705 (base 8) in base 5?
-411003
Convert -609 (base 11) to base 5.
-10420
What is -178 (base 13) in base 7?
-532
What is 22 (base 4) in base 8?
12
What is -26fe (base 16) in base 12?
-593a
What is -1342 (base 6) in base 9?
-428
1b09 (base 15) to base 12
3483
Convert 15114 (base 6) to base 14.
c50
Convert 235 (base 12) to base 4.
11021
What is 110001220 (base 3) in base 2?
10001001011111
What is -10001212 (base 3) in base 7?
-6344
What is -1413 (base 8) in base 6?
-3335
Convert 10242 (base 5) to base 8.
1271
Convert 32101 (base 5) to base 13.
c96
What is -597 (base 16) in base 13?
-861
What is -318 (base 12) in base 14?
-244
What is -8e (base 15) in base 2?
-10000110
Convert -a51 (base 15) to base 8.
-4426
-13466 (base 13) to base 3
-1211021002
Convert -102253 (base 9) to base 5.
-3420332
Convert 24b6 (base 13) to base 14.
1c8b
Convert -7672 (base 15) to base 5.
-1300312
Convert 328 (base 11) to base 3.
112120
Convert -5257 (base 9) to base 3.
-12021221
What is 1012 (base 9) in base 6?
3232
Convert -e59 (base 16) to base 3.
-12001001
-1208 (base 11) to base 9
-2146
What is 6c4 (base 16) in base 7?
5023
-346 (base 13) to base 6
-2341
-3310223 (base 4) to base 5
-1000114
1673 (base 9) to base 5
20111
What is 10101100011000110 (base 2) in base 12?
430b2
-10224 (base 7) to base 2
-100111010101
-113003 (base 4) to base 2
-10111000011
Convert -11111201 (base 3) to base 6.
-23114
What is -102310 (base 7) in base 14?
-6607
Convert 2113 (base 4) to base 12.
107
Convert 10031 (base 4) to base 10.
269
13344 (base 5) to base 16
44b
2486 (base 14) to base 2
1100011110110
What is -6de (base 16) in base 4?
-123132
13000213 (base 4) to base 15
8791
Convert 142431 (base 5) to base 6.
43423
What is -2624 (base 9) in base 12?
-117a
109ca (base 13) to base 3
1112111022
What is -2010 (base 3) in base 4?
-321
Convert 1100101101 (base 2) to base 11.
67a
152 (base 12) to base 8
316
-6a5 (base 11) to base 12
-5a1
-1217 (base 12) to base 6
-13231
Convert 12a5 (base 13) to base 16.
a6e
What is 1111311 (base 4) in base 2?
1010101110101
Convert -101000222 (base 3) to base 15.
-227b
-134 (base 10) to base 8
-206
What is 8c2c (base 13) in base 2?
100110010111010
Convert -4cac (base 14) to base 11.
-a145
-33031 (base 5) to base 16
-8da
What is 129a (base 13) in base 8?
5146
58756 (base 9) to base 8
114527
Convert -64340 (base 8) to base 4.
-12203200
What is 75576 (base 9) in base 14?
1434a
101001100111 (base 2) to base 5
41123
-2034 (base 5) to base 16
-10d
-110011011010 (base 2) to base 9
-4455
What is -2210222 (base 4) in base 3?
-112110022
Convert 454 (base 6) to base 16.
b2
What is -23232 (base 4) in base 15?
-350
Convert -17147 (base 9) to base 6.
-130324
Convert 33432 (base 5) to base 9.
3220
22507 (base 10) to base 2
101011111101011
What is 2727 (base 12) in base 4?
1012033
Convert -130123 (base 4) to base 12.
-1077
-1440323 (base 5) to base 14
-b29b
What is -11110100101100 (base 2) in base 7?
-63441
Convert 411 (base 9) to base 13.
1c9
Convert 421 (base 10) to base 11.
353
Convert 742 (base 14) to base 7.
4112
Convert -8593 (base 13) to base 10.
-18541
What is 111111000 (base 2) in base 5?
4004
Convert 10013 (base 5) to base 13.
399
What is -1892 (base 12) in base 15?
-d45
Convert c658 (base 13) to base 12.
13a77
Convert 223 (base 14) to base 11.
355
What is -11b7 (base 12) in base 9?
-2674
What is 1001000000010111 (base 2) in base 15?
ade2
Convert -b468 (base 15) to base 4.
-21103223
What is 11221220 (base 3) in base 4?
320133
14634 (base 11) to base 3
1001102201
What is 4b2 (base 15) in base 2?
10000101011
What is 13012 (base 11) in base 12?
a95b
What is -502 (base 7) in base 11?
-205
What is 183 (base 15) in base 10?
348
38313 (base 9) to base 15
7980
12012002 (base 3) to base 10
3782
Convert -112442 (base 5) to base 13.
-1b51
Convert 3615 (base 14) to base 12.
5557
-569 (base 11) to base 10
-680
Convert -44 (base 14) to base 5.
-220
What is 10010100010 (base 2) in base 13?
703
What is 2221011 (base 3) in base 12?
12a1
-130357 (base 8) to base 14
-12715
What is 3291 (base 11) in base 15?
1440
4187 (base 16) to base 11
11670
-32233 (base 4) to base 10
-943
29260 (base 11) to base 14
11213
Convert 2760 (base 8) to base 15.
6b5
-557 (base 10) to base 9
-678
100141 (base 5) to base 8
6143
Convert -40053 (base 6) to base 14.
-1c89
What is 301313 (base 4) in base 16?
c77
Convert -18081 (base 10) to base 9.
-26720
Convert -6043 (base 9) to base 4.
-1010331
What is -407 (base 8) in base 13?
-173
Convert 30221 (base 5) to base 2.
11110010000
What is 10100100 (base 2) in base 13?
c8
What is -365 (base 10) in base 2?
-101101101
-2b4 (base 15) to base 8
-1153
-9a92 (base 11) to base 16
-33ea
Convert b91 (base 16) to base 13.
146a
What is 111a2 (base 13) in base 16?
7953
What is 801 (base 12) in base 8?
2201
606 (base 15) to base 10
1356
Convert 6589 (base 12) to base 2.
10101110111001
What is -3023 (base 4) in base 16?
-cb
Convert 4ad (base 15) to base 6.
4531
Convert -444213 (base 5) to base 16.
-3cc6
Convert -72b3 (base 15) to base 10.
-24243
57a (base 16) to base 7
4042
196b8 (base 12) to base 10
37292
What is -64334 (base 7) in base 5?
-1002300
What is -302 (base 15) in base 2?
-1010100101
What is -252 (base 7) in base 9?
-160
1859 (base 10) to base 11
1440
What is 1535 (base 6) in base 12?
2ab
Convert -4157 (base 10) to base 15.
-1372
What is 4315 (base 7) in base 5?
22111
Convert 22155 (base 6) to base 14.
11b1
Convert 752 (base 13) to base 7.
3434
Convert 304 (base 6) to base 14.
80
What is 105b (base 12) in base 8?
3407
Convert 1134 (base 14) to base 10.
2986
6bb (base 13) to base 2
10010010000
What is 231114 (base 5) in base 4?
2001130
What is 4c (base 13) in base 7?
121
What is 1301 (base 6) in base 13?
1c0
What is 371 (base 9) in base 10?
307
631 (base 10) to base 4
21313
What is -206 (base 11) in base 6?
-1052
Convert 112022 (base 3) to base 15.
1ab
Convert -1250 (base 6) to base 2.
-100111110
Convert 133 (base 14) to base 12.
181
66316 (base 7) to base 12
9754
What is 29eb (base 15) in base 7?
35141
What is 25307 (base 8) in base 9?
16017
111600 (base 9) to base 2
10000010100001001
2210231 (base 4) to base 9
15412
What is -442 (base 5) in base 11?
-101
What is 5406 (base 7) in base 15?
87c
What is 211002 (base 3) in base 13?
36b
Convert -100010 (base 3) to base 11.
-204
Convert 1ba6 (base 15) to base 9.
8213
561 (base 10) to base 5
4221
1721 (base 12) to base 8
5311
What is 1203033 (base 4) in base 13?
2b77
Convert -1c7 (base 15) to base 12.
-2a4
What is 31332023 (base 4) in base 12?
2914b
-11011110 (base 2) to base 13
-141
What is -3a84 (base 15) in base 4?
-3003103
Convert -894 (base 15) to base 2.
-11110010011
-21111121 (base 3) to base 13
-264a
What is -46e (base 16) in base 3?
-1120000
Convert -121023 (base 4) to base 10.
-1611
Convert 5495 (base 12) to base 5.
244304
-15539 (base 11) to base 6
-245331
Convert -49e (base 16) to base 12.
-826
Convert -405 (base 8) to base 4.
-10011
-12000 (base 3) to base 12
-b3
-7413 (base 10) to base 15
-22e3
211001 (base 3) to base 14
307
31ac (base 15) to base 4
2210100
-5476 (base 8) to base 9
-3847
What is 200 (base 7) in base 3?
10122
What is -224415 (base 6) in base 9?
-28252
-31505 (base 6) to base 16
-10c1
What is 